z*g - 3*g**2. Give k(-4).
-1
Let w(g) = -g**2 + 6*g - 8. Let b be (3/4)/(1/8). Give w(b).
-8
Suppose g = -5*g - 12. Let y be 9 - 9/(-6)*g. Let u(j) = j**2 - 5*j - 3. What is u(y)?
3
Let i(m) = m - 2. Let j be i(5). Suppose -15 = -5*d + 15. Let r(n) = 0*n + 2*n + 1 - d*n + 2*n. Give r(j).
-5
Let i = 70 + -65. Let l(t) = 6 + 3*t - 4*t + 0. Calculate l(i).
1
Let h be (-1 + 2)*(-3)/3. Let z(x) = 1. Let l(i) = -i**2 - 2*i + 9. Let g(o) = h*l(o) + 6*z(o). Give g(-3).
0
Suppose 5*l + s - 3*s - 17 = 0, 0 = 2*l + 5*s - 1. Let r(u) = 3*u - 3. Let j(m) = -2*m + 1. Let h(t) = l*r(t) + 5*j(t). Determine h(-6).
2
Suppose -5 + 2 = -y. Suppose -y*k = -k. Let d(f) = -f - 12. Let s(m) = 1. Let b(w) = -d(w) - 6*s(w). Give b(k).
6
Let q(y) = -y**3 - 7*y**2 - 5*y. Let b(z) = -z**3 - 4*z + 2 - z + 4*z + 5*z**2 - 3. Suppose -2*r + 5*u = r - 35, 5*r - 13 = -3*u. Let s be b(r). Give q(s).
-6
Let u(q) = -q**3 - 5*q**2 - q + 2. Let l be u(-5). Let d = l - 2. Let n(x) = d*x - 4*x - 2*x - 6. Determine n(-5).
-1
Let m(j) = j**3 + 11*j**2 - 14*j - 22. Let b be m(-12). Suppose -2*h + 5 - 12 = -5*r, -3 = -4*r - h. Let z(o) = -b*o**2 - 3*o + 0*o + r + o. What is z(2)?
-11
Let l(u) = 4 - 4 + u + 6. Let o(m) = -m + 8. Let p be o(-10). Let h = 12 - p. Determine l(h).
0
Let w(j) be the third derivative of 0*j + 1/6*j**3 - 1/120*j**6 + 1/30*j**5 + 1/8*j**4 + 0 + 7*j**2. Calculate w(3).
1
Let n(c) = c**2 - 6*c + 9. Let t(r) = -r**3 + 7*r**2 + 18*r + 6. Let h be t(9). Calculate n(h).
9
Let f be -1 - (-1 + 1)*-1. Let t(b) be the second derivative of 2*b**3/3 - b**2/2 + 3*b. Determine t(f).
-5
Let o(m) be the third derivative of -1/24*m**4 + 0 - 8*m**2 + 1/6*m**3 + 0*m. Calculate o(-5).
6
Let h(y) be the third derivative of -1/120*y**6 - y**3 + 1/12*y**4 + 0 + 0*y - 4*y**2 + 1/10*y**5. Give h(6).
6
Let o be -1*1/(2/6). Suppose 0 + 6 = 3*x. Let j(h) = 3*h + 3*h - 7*h + x*h - 3 + h**2. What is j(o)?
3
Let b be -1 + 5 + 4 + -6. Let n(x) = 0 + 0*x - 2 - b*x. Let z(o) = -3*o - 3. Let d(w) = -4*n(w) + 3*z(w). Determine d(5).
-6
Suppose -l + 45 = l - 5*c, 3*c = -l + 39. Suppose -4 = 3*h - 2*q, 2*h - 4*q = 7*h - l. Let u(m) = m**2 + m**3 + 2*m**2 - m**h + 2*m. Determine u(-2).
-4
Let u(i) = 2*i + 5. Let g be u(-3). Let y(c) = -5*c**3 - c**2 - c. Determine y(g).
5
Let b be (0/1)/(-2 + 0). Let s(d) = 5*d + 0*d - 1 + b*d. Give s(2).
9
Let f be 9/((-9)/4) - (-1 - 2). Let j(h) = h. Give j(f).
-1
Let k(s) = 274*s - 137*s - 136*s - 1. Determine k(-6).
-7
Let c(w) be the second derivative of -w**7/2520 + w**6/144 - w**5/60 + w**4/12 + 3*w. Let n(r) be the third derivative of c(r). Calculate n(3).
4
Suppose 2*q = -4*x + 24 - 6, -x - 2*q = 0. Suppose -4*w = -22 + x. Let f(t) = 2*t**2 - 7*t + 5. What is f(w)?
9
Let f(k) = k**2 + 7*k + 3. Suppose 4*v + 4 - 20 = 0. Let b = -23 - -32. Let t = v - b. Give f(t).
-7
Suppose v + 3 = -2*v. Let o(b) be the first derivative of b**7/420 + b**6/360 - b**4/24 + b**3/3 - 6. Let l(p) be the third derivative of o(p). What is l(v)?
-2
Let s(q) = -q**3 - 5*q**2 - 6*q - 5. Let u(w) = 13 + 3*w - w**3 + 4*w - 10*w**2 - 6*w. Let t be u(-10). Suppose r + t*r = -16. Determine s(r).
3
Let r(j) be the first derivative of j**3/3 + j**2/2 - 1. Suppose 6 = 2*y + 2*k, 2*y - 4*y = -k - 15. Let w be (-21)/9 - (-2)/y. What is r(w)?
2
Let s(m) = m. Let f be ((-3)/2)/((-3)/6). Let z(u) = -f + 1 + 2*u + 6*u + 4. Let n(v) = 3*s(v) - z(v). What is n(-2)?
8
Let u(h) be the second derivative of -h**4/2 - h**3/6 - h**2/2 - 2*h. Let x(k) = -5*k + 1 + 3*k + k**3 + k**2 - 2*k**2. Let p be x(1). Calculate u(p).
-6
Let s(g) = g + 7. Let l be s(6). Suppose 7 = 5*c - l. Let x(m) = m**3 - 3*m**2 - 5*m + 2. Determine x(c).
-2
Let j be -1 + (3 - 6) + 16. Suppose 0 = o - 5*o - j. Let i(b) = -6 + 3 - b**2 + 2*b**2. What is i(o)?
6
Let p(q) be the second derivative of 0 - q**2 + 1/3*q**3 + q. Suppose 2*k - 9 = -k. What is p(k)?
4
Let u(k) = 8*k**3 + k**2 - k. Let f = 6 + -9. Suppose -56 = -5*r + 3*r. Let y be r/16 + f/4. Give u(y).
8
Let t(c) = -c**3 + 4*c**2 + 5*c - 6. Suppose 0 = 4*f + 3*j - 52, -2*f + 2*j = f - 56. Let u = -11 + f. Calculate t(u).
-6
Let k(j) = j**3 + 6*j**2 - j + 1. Let a = -6 - -11. Suppose 4*z - a*i = 1, -2*z + 3*i + 1 = -0. Let h be -6*(1 - 0/z). Determine k(h).
7
Let u = 52 - 51. Suppose 0 = -2*d - 3*d. Let i(h) = d + 0 - 3*h. Give i(u).
-3
Let k(s) = -s**3 + 4*s**2 + 7*s - 1. Suppose -2*g - 10 = -7*g. Suppose -4*w + b = -g, -5*w + w - b = -6. Let c be ((-18)/w)/(-3) - 1. Calculate k(c).
9
Let l(q) = q**3 + 2*q**2 + 2*q. Suppose 0*n + 20 = -2*n - 2*s, 0 = -3*n + 4*s - 2. Suppose 0 = -2*b + 8. Let z = b + n. Determine l(z).
-4
Let o be 2*3 + -6 + 4. Let q(b) be the first derivative of b**4/4 - b**3 - 3*b**2/2 - b - 2. Determine q(o).
3
Let k(r) = r - 2. Let o = -23 + 7. Let s = -10 - o. What is k(s)?
4
Suppose -2*i - 6 = -2*j, 3*j = 3*i + 2*i + 11. Let g(h) = -h - h + h + j. Let t be (-12*(-9)/(-18))/(1*-2). Give g(t).
-1
Let k(n) = n**3 - 2*n**2 + 3*n - 3. Let d be k(2). Let f(u) be the first derivative of u - 3 - 1 - u**2 + d. Calculate f(1).
-1
Let y(o) be the second derivative of 0 + 0*o**2 + 4*o + 1/2*o**3 - 1/12*o**4. Calculate y(4).
-4
Let s = -38 + 33. Let w(q) = q**2 + 7*q + 4. Determine w(s).
-6
Let m(g) = -g**2 + g. Let t be (-3 - (-2)/2) + 6. Suppose -t = -r - 2. Calculate m(r).
-2
Let n(z) be the third derivative of z**8/6720 + z**7/504 + z**6/144 - z**5/120 + z**4/6 + 4*z**2. Let b(g) be the second derivative of n(g). Calculate b(-4).
-5
Suppose 6 = -4*d - 6. Let n(g) = 3*g + 3. What is n(d)?
-6
Suppose 0 = -5*d - 3*o + 5, -3*o + 11 = 2*d - 0*d. Let k(q) be the second derivative of q**4/6 - q**2/2 - 5*q. What is k(d)?
7
Suppose -5*v - 2*p + 13 = 0, -3*v - p = 2*p - 15. Let o(s) = s**2 - s. What is o(v)?
0
Let i be 2/6 + (-40)/(-6). Suppose -5 = -4*r + i. Let t(c) = 2*c + 1 + 4*c**3 - 3*c**2 + 0*c**2 - r*c**3. Determine t(2).
1
Let p(j) be the second derivative of -3*j**2 + 0 - 2/3*j**3 - 1/20*j**5 + 1/2*j**4 + 3*j. Calculate p(5).
-1
Let t(d) be the first derivative of d**5/30 - d**4/6 - d**3/6 - d**2/2 + 5. Let h(k) be the second derivative of t(k). What is h(3)?
5
Let v(c) = 8*c + 0*c**2 - 7*c - c**2 + 2. Suppose -10 + 2 = -4*t. Calculate v(t).
0
Let m be 0/(3/6*4). Let t(j) = -j - 3. Calculate t(m).
-3
Let j = -7 + 10. Suppose -2*x - 3*x = j*b - 11, -3*x - 4*b + 11 = 0. Let q(a) = -8*a**3 - a**2 + 1. Determine q(x).
-8
Let t(l) = l**2 - 2*l + 2. Let c(q) = q**2 - 9*q - 4. Let z(a) = a - 1. Let u(b) = -c(b) - 4*z(b). Let o be u(6). What is t(o)?
2
Let d(k) = -3*k**3 - 2*k**2 + k - 11. Let s(c) = 5*c**3 + 3*c**2 - 2*c + 17. Let m(t) = -8*d(t) - 5*s(t). Calculate m(-2).
11
Let u(j) = j**3 - 4*j**2 + 2*j + 4. Let p = -8 + 3. Let k = p - 4. Let t be 2/(-2*3/k). What is u(t)?
1
Let k(h) = 5 + 4*h - 2 + h - 6*h. Calculate k(0).
3
Let i = 10 + -10. Suppose 0*f = -f + 2. Let b(x) = f*x + 0 + x**2 + 1 + i*x**2. Give b(-1).
0
Suppose 10 = -v + 2*v. Let f(j) = -j**2 + 8*j + 2. Let i be f(v). Let z = -13 - i. Let g(d) = 3*d - 4. Determine g(z).
11
Suppose 5*v - 25 = -5*z, z - 2 = -0*z. Let m be 0 + -4 + v - 1. Let i(k) = k**3 + k**2 + 3*k + 2. Determine i(m).
-8
Let u(a) = -a**2 - 4*a + 13. Let x be u(-6). Let y(v) = 11*v**2 + 1. Give y(x).
12
Suppose -5*j - 12 = -2. Let p(a) = -a**3 - a**2 + a. What is p(j)?
2
Let p(t) = -4*t**3 - 14*t**2 - 11*t + 13. Let a(x) = 3*x**3 + 13*x**2 + 11*x - 13. Let b(f) = -5*a(f) - 4*p(f). Give b(10).
3
Let d(x) = -x**2 + 5*x + 3. Let l be 17/4 - (-4)/(-16). What is d(l)?
7
Let u(x) be the first derivative of x**3/3 + 3*x**2 - 10*x + 12. Give u(-8).
6
Let k(p) = p**3 + 5*p**2 - 5*p + 8. Let b be k(-6). Suppose 0 = -3*l + 1 + 5. Let c(v) = 4*v - 3*v - l + 3*v - 3*v. What is c(b)?
0
Let d(p) = p**3 - 7*p**2 + 6*p + 1. Let g(i) = 7*i + 6. Let x be g(0). Give d(x).
1
Let m(r) be the third derivative of 0*r**4 + 0*r - 1/30*r**5 + 4*r**2 + 1/6*r**3 - 1/30*r**6 + 0. Determine m(-1).
3
Let r(l) be the third derivative of l**6/120 - l**4/24 + 2*l**3/3 - 2*l**2. Suppose -7*w + u = -12*w - 5, 0 = 4*w + u + 5. Give r(w).
4
Let x(k) be the first derivative of -k**5/60 - k**4/8 - k**3/6 - k**2/2 + 4. Let s(p) be the second derivative of x(p). What is s(-3)?
-1
Let o = 1 + 0. Let z be (2*-1)/2*o. Let x(n) = -14*n + 28*n - 17*n. Determine x(z).
3
Let j(m) be 